k*x + 13 - 25*x - 23*x**2 + 46*x**2. Is y(6) prime?
True
Let q(m) = 111*m**3 + 22*m**2 - 62*m + 7. Is q(12) a prime number?
True
Suppose 4*q = 3*z - 122021, 35*q - 33*q + 10 = 0. Is z a composite number?
True
Let j(u) = 9 + 25*u + 18 + 22 - 3*u**2 - 8 + 6*u**2. Is j(-39) a prime number?
False
Suppose 12*b - 10*b + 5*v - 35331 = 0, -5*v + 53009 = 3*b. Suppose 13*w - b = 821. Is w a prime number?
True
Suppose 4*y = -3*j + 7*y + 1098, -729 = -2*j + y. Let s = 683 + j. Is s a composite number?
True
Let i be (1365 - 5)/(5*(-8)/(-340)). Suppose -3*r - 3709 + i = 0. Is r a prime number?
True
Suppose 5*n - 30 = 555. Let z = n - 74. Is z a prime number?
True
Suppose 0 = -5*v - 13*x + 8*x - 75, 2*x - 54 = 4*v. Let m(s) = 66*s**2 + 9*s + 11. Is m(v) prime?
True
Let r(t) = 827*t - 107. Let x be r(-6). Let s = 7840 + x. Is s a prime number?
False
Is 9/((-117)/(-2587715)) - (5 - 1) composite?
True
Let s = 855069 + -551434. Is s a composite number?
True
Is ((-5126277)/156)/(51/(-108) - (-6)/27) composite?
True
Is 171828/84 - 4 - ((-34)/14 - -3) a prime number?
False
Let f = 364537 + 1876714. Is f a prime number?
True
Is (-684166*(-15)/945)/(2/18) composite?
True
Suppose -136793 = -3*n + j, -5*j = -3*j - 8. Suppose 0 = 18*i - n - 19183. Is i a composite number?
True
Let j = 107870 - 42660. Suppose -22*h + j = -12*h. Is h composite?
False
Suppose -9*a + 7*a = -4*i + 74, -3*i + 73 = 2*a. Is 8*5/(-30) + 225001/i a composite number?
True
Suppose 2*r - 138422 = 4*q, 10*r - 11*r + 3*q + 69218 = 0. Is r composite?
False
Is -7 + (2 + 0 + 2)/(16/97296) a prime number?
True
Let d(l) = l**3 + l**2 - 13*l - 13. Let j be d(-1). Is (8271 - 1)/5 + (-3 - j) prime?
False
Let t be 42/(-28)*(-20)/(-6) + -1. Is (14/t)/(3/(-9))*719 prime?
False
Let h = 444 - 1047. Suppose 4*f = -2*t + 3408, 0*f - 3*f + 3*t = -2574. Let z = f + h. Is z a composite number?
False
Suppose -x = -15 + 10, -3*i - 4*x = -5000. Suppose -w + i = 337. Let g = w - 832. Is g prime?
True
Let n be 1*3 - (-27 - -24). Suppose 2*i = 5*z + 2078, -5*z + 2078 = 2*i - n*z. Is i a composite number?
False
Let k = 22866 - 3409. Is k a prime number?
True
Let m = 15 + -22. Let l(w) = -19*w - 41. Let s(i) = -10*i - 21. Let d(y) = m*s(y) + 4*l(y). Is d(-8) a prime number?
True
Suppose -27*d + 289796 = -522607. Is d a prime number?
True
Suppose -2*t = 3*t + 3*b - 316, -3*t = -5*b - 176. Let z = t - 66. Is 17031/27 + z/(-18) composite?
False
Is 9/(2/(-2)) - (-15963352)/206 prime?
False
Let m = 189139 - 59612. Is m a composite number?
False
Let w(y) = 30*y**2 + 677*y - 89. Is w(50) a prime number?
True
Let i be -12*(7 + 66/(-9)). Is -5 + 3 + (i + -3 - -13070) a composite number?
True
Let u = 159316 - 13455. Is u a composite number?
False
Suppose -5*u = 15, 95*i - 96*i - 3*u + 80528 = 0. Is i a prime number?
True
Suppose 5*h = 3*m - 12, 8 = -4*h + m - 3. Let d be 3*((-4)/(-12) - 28/h). Suppose -4*n + d = -191. Is n composite?
True
Is 35/(770/627)*27116/6 a composite number?
True
Suppose 11*q - 9 - 13 = 0. Suppose q*c + l = 5, c + 0*l - 2*l + 10 = 0. Suppose c = 3*z - 37 - 74. Is z a prime number?
True
Suppose -6*q = -8 - 4. Let y be 12/8*2 - 78/q. Is (-54)/y*(-1780)/(-6) composite?
True
Is -21 + (15 - 28) + 418989 a composite number?
True
Suppose -4*b - n + 3148916 = 0, b - 15*n + 20*n - 787191 = 0. Is b composite?
True
Let t(f) = -5187*f + 2438. Is t(-31) prime?
False
Let k be (-32)/40 - (1/5 + -1). Suppose k = z + 6*z - 12873. Is z prime?
False
Let h(z) = -z**2 + 10*z + 1. Let g be h(10). Is 6263 + -3 + -11 - 2/g prime?
True
Let t be 2 + 1 - (17 - 14). Let l(z) = z**3 - z**2 + z + 5. Let d be l(t). Is (-1 - -630) + (d - 3) a prime number?
True
Let s = -144326 - -252897. Is s prime?
True
Suppose 9983490 = 54*s + 12*s. Is s a prime number?
False
Let m(g) = -3*g + 5. Let y be m(5). Let u = y - -12. Is 2*u/8*94 prime?
True
Suppose 121 = 4*l + 25. Suppose 3*s - y = -3*y + l, -5*y + 39 = 4*s. Suppose s*u + 20236 = 10*u. Is u prime?
True
Suppose 6*h = -31*h - 3*h + 8616520. Is h composite?
True
Let d(v) = 2*v**3 - 18*v**2 + 4*v - 16. Let p be d(12). Let t = -116 - p. Let u = 3458 + t. Is u a composite number?
True
Suppose -277*m + 3*p = -274*m - 66885, 2*p = 8. Is m a composite number?
True
Suppose 3*j + 14837 = p, 4*p + 53*j - 59284 = 57*j. Is p a prime number?
True
Let j(b) = b**3 + 23*b**2 + 41*b + 17. Let m = -58 + 66. Suppose -2*i + 3*h = -h + 52, -i - m = 4*h. Is j(i) prime?
True
Let w = -161 - -175. Let c(k) = 2*k**3 - 5*k**2 + 26*k + 10. Is c(w) composite?
True
Let r be (16/2 - 10)*1. Is (r/5 - 0)/((-8)/127460) a prime number?
True
Let l(j) = -1879*j + 4472. Is l(-123) composite?
True
Let l(b) = -2*b**3 + 11*b**2 - 4*b - 1. Let p be l(5). Suppose h + p*h = 10, 2*h = -3*j + 14101. Is j composite?
True
Let c(i) = 257*i**2 - 25*i - 11. Suppose 49 = -9*z + 13. Is c(z) composite?
False
Suppose 35*y - 2*y - 99 = 0. Suppose 3*f - 8134 = -2*w, -y*w - 2*f + 10270 = -1941. Is w composite?
False
Let m(v) = v**2 - 22*v + 57. Let t be m(21). Suppose t*u - 13603 = -2191. Is u a prime number?
True
Let s = 45 - 49. Let i be ((-762)/9)/(s/210). Suppose 0 = -7*h + 2*h + i. Is h a composite number?
True
Suppose 3735 = 6*j - 22035. Let o = j + -212. Is o a prime number?
False
Let a(u) = 52*u**3 - 6*u**2 + 6*u - 27. Suppose -4*x + 8 = -3*k, 32 = 4*x - 24*k + 27*k. Is a(x) a prime number?
True
Suppose -2*u + 13237 = 3*t + 3*u, -5*t + 5*u + 21995 = 0. Suppose -2*h = -4, -k + t = k - h. Is k a composite number?
False
Suppose 2*u = 10, 4*u = -5*d + 9*d - 988104. Is d a composite number?
False
Let l(r) = -3811*r**3 + 3*r**2 + 14*r + 25. Is l(-2) a composite number?
False
Let s(x) = -3762*x + 13469. Is s(-46) a composite number?
True
Let f(s) = 10616*s - 3105. Is f(2) a composite number?
False
Let w = -62 + 68. Suppose 0 = -0*j - 2*j + f + 10, -5*f + w = -2*j. Suppose j*k + 0*k = 175. Is k a prime number?
False
Let l(f) = f + 51. Let b(h) = 50. Let t(k) = 4*b(k) - 3*l(k). Let v be t(18). Is 21/(-49) + (-332)/v prime?
True
Suppose 930*j = 931*j - 23235. Let s = j + -8236. Is s composite?
True
Let h be (1 + 0 - 40)/(339/(-428270)). Suppose -40*a + 30*a + h = 0. Is a prime?
False
Let a be 11380/3*(-12)/(-32)*8. Let f = 18362 - a. Is f a composite number?
True
Suppose 3*f = -9*c + 12*c - 29796, 0 = -c - 3*f + 9944. Let v = c + -5852. Is v a composite number?
True
Suppose -267774 = -0*t - 6*t. Suppose -45*o + 32*o + t = 0. Is o a prime number?
True
Let d = 3168 - 8849. Let f = d + 10324. Is f prime?
True
Suppose 0 = 5*f - 14*f + 18. Suppose 4*k + f = 10. Is -1 + 817 + k + (0 - 3) a prime number?
False
Let c = -472893 - -725970. Suppose -3*j + 36*j - c = 0. Is j a prime number?
True
Suppose -3*x - 5*x = -4*x. Suppose -2 = t, x = 3*h + 5*t - 2*t - 2955. Suppose -n - n - z + 511 = 0, -h = -4*n + 5*z. Is n prime?
False
Suppose -3*d - 9 = -2*j, 3*j + 3*d = 4*j - 6. Suppose -t - 2*i - 10 = -j, -3*t - 17 = 5*i. Let b(v) = 632*v**3 - v**2. Is b(t) composite?
False
Is 108/270*(-2)/(-8)*727490 a prime number?
False
Is (-70544798)/(-306) + 3/((-27)/(-4)) prime?
True
Let n(k) = -3256*k - 64. Let q be n(-3). Suppose 19*o = 23*o - q. Is o a composite number?
True
Let l = 212808 + 161. Is l a composite number?
False
Let x(v) = 444*v**3 + 6*v**2 - 7*v + 15. Suppose -h + 3*o - 2 = -0*o, 5*h - 2*o - 16 = 0. Is x(h) a composite number?
False
Suppose -6305398 = -23*i + 24823316 - 136283. Is i prime?
False
Is ((-1064)/98 - -11)*1341921 a prime number?
False
Suppose -163*k + 141*k = -10406. Let m = 380 + k. Is m a prime number?
True
Let g(l) be the third derivative of -161*l**6/60 + 7*l**5/24 + 31*l**4/24 + 15*l**2. Let b(p) be the second derivative of g(p). Is b(-4) composite?
True
Let j = 1057643 - 624720. Is j prime?
True
Let n be (-36)/28 - -1 - (-668)/(-14). Let i = -43 - n. Suppose 313 = i*c + 28. Is c a prime number?
False
Is (4 - 1)/(-6 + (-744189)/(-124031)) composite?
True
Suppose -143 = -3*h - 131. Suppose -d - h*f + 4559 = 0, -4*f - 1 + 13 = 0. Is d prime?
True
Let w be (2 + -2)/(-6 + 7). Let j be (0 - -3)*(-5 - w). Is 364/2 - (-12 - j) prime?
True
Let g = -65 + 71. Let l be g/(-27) + -2 + 130/18. Suppose 0 = -2*a - l*a + 5467. Is a a composite number?
True
Suppose -5*l + 935047 = 8*a, -61*a = -l - 59*a + 186995. Is l a prime number?
True
Suppose -5*q = t - 3725